{"id":6,"date":"2014-08-14T03:51:39","date_gmt":"2014-08-14T01:51:39","guid":{"rendered":"http:\/\/www.werbeagentur-davinci.de\/dasuer\/?page_id=6"},"modified":"2026-03-30T16:40:17","modified_gmt":"2026-03-30T14:40:17","slug":"ueber-uns","status":"publish","type":"page","link":"https:\/\/www.werbeagentur-davinci.de\/dasuer\/ueber-uns\/","title":{"rendered":"\u00dcber uns"},"content":{"rendered":"<p>[vc_row row_type=&#8220;row&#8220; use_row_as_full_screen_section=&#8220;no&#8220; type=&#8220;full_width&#8220; text_align=&#8220;left&#8220; background_animation=&#8220;none&#8220; padding_top=&#8220;40&#8243; padding_bottom=&#8220;40&#8243; css_animation=&#8220;&#8220;][vc_column][vc_column_text]<\/p>\n<h2 style=\"text-align: center;\">Agentur DaSuer<br \/>\nWas k\u00f6nnen wir f\u00fcr Sie tun?<\/h2>\n<p>[\/vc_column_text][vc_separator type=&#8220;normal&#8220; border_style=&#8220;&#8220; up=&#8220;15&#8243; down=&#8220;15&#8243;][vc_row_inner row_type=&#8220;row&#8220; type=&#8220;full_width&#8220; use_row_as_full_screen_section_slide=&#8220;no&#8220; text_align=&#8220;left&#8220; css_animation=&#8220;&#8220;][vc_column_inner width=&#8220;2\/3&#8243;][vc_column_text css=&#8220;.vc_custom_1665138987383{border-radius: 10px !important;}&#8220;]<\/p>\n<p style=\"text-align: left;\">Unsere Agentur besteht bereits seit dem Jahre 1986. Nach einem Umzug aus Bergkamen sind wir seit 2020 in Selm t\u00e4tig. Hier werden wir als lokaler Ansprechpartner genauso gesch\u00e4tzt, wie weit \u00fcber die Stadtgrenzen hinaus. Unser junges (und jung gebliebenes) Team sorgt immer f\u00fcr frische Ideen um Ihren W\u00fcnschen und Anforderungen gerecht zu werden. Als Ausbildungsbetrieb begleiten wir seit 15 Jahren junge, kreative Freidenker auf ihren erfolgreichen Wegen in die unternehmerische Gestaltungsbranche. Wir haben seither viel erlebt und sind gespannt, was die Zukunft bringt!<\/p>\n<p>&nbsp;<\/p>\n<p>Gerne werden wir vor neue Herausforderungen gestellt und versuchen diese im kreativen Prozess zu bew\u00e4ltigen.<br \/>\nWir freuen uns auf Ihre Ideen und W\u00fcnsche![\/vc_column_text][\/vc_column_inner][vc_column_inner width=&#8220;1\/3&#8243;][vc_empty_space height=&#8220;20px&#8220; el_class=&#8220;elementdesk&#8220;][vc_single_image image=&#8220;21472&#8243; img_size=&#8220;large&#8220; alignment=&#8220;center&#8220; qode_css_animation=&#8220;&#8220;][\/vc_column_inner][\/vc_row_inner][\/vc_column][\/vc_row][vc_row row_type=&#8220;row&#8220; use_row_as_full_screen_section=&#8220;no&#8220; type=&#8220;full_width&#8220; text_align=&#8220;center&#8220; background_animation=&#8220;none&#8220; padding_top=&#8220;20&#8243; padding_bottom=&#8220;40&#8243; css_animation=&#8220;&#8220;][vc_column][vc_column_text]<\/p>\n<h2 style=\"text-align: center;\">Unser Team<\/h2>\n<p>[\/vc_column_text][vc_separator type=&#8220;normal&#8220; border_style=&#8220;&#8220; up=&#8220;15&#8243; down=&#8220;15&#8243;][\/vc_column][\/vc_row][vc_row row_type=&#8220;row&#8220; use_row_as_full_screen_section=&#8220;no&#8220; type=&#8220;full_width&#8220; text_align=&#8220;left&#8220; background_animation=&#8220;none&#8220; padding_bottom=&#8220;40&#8243; css_animation=&#8220;&#8220; el_class=&#8220;mitarbeiter&#8220;][vc_column width=&#8220;1\/4&#8243;][vc_single_image image=&#8220;21470&#8243; img_size=&#8220;large&#8220; qode_css_animation=&#8220;&#8220;][vc_empty_space height=&#8220;20px&#8220; el_class=&#8220;elementdesk&#8220;][\/vc_column][vc_column width=&#8220;1\/4&#8243;][vc_column_text]<\/p>\n<h3>Mitarbeiter<\/h3>\n<p>&nbsp;<\/p>\n<p><strong>J\u00fcrgen Suer<\/strong><br \/>\nGesch\u00e4ftsleitung<\/p>\n<p>&nbsp;<\/p>\n<p><strong>Solveig Sch\u00e4fer<\/strong><br \/>\nBuchhaltung<\/p>\n<p>&nbsp;<\/p>\n<p><strong>Jonah Suer<\/strong><br \/>\nGrafik und Webdesign[\/vc_column_text][\/vc_column][vc_column width=&#8220;1\/4&#8243;][vc_empty_space height=&#8220;42px&#8220; el_class=&#8220;element&#8220;][vc_empty_space height=&#8220;10px&#8220; el_class=&#8220;elementdesk&#8220;][vc_column_text]<strong>Laura Littmann, freie Mitarbeiterin<\/strong><br \/>\nStud. der Wirtschaftspsychologie,<br \/>\nGrafik und Webdesign<\/p>\n<p>&nbsp;<\/p>\n<p><strong>Tobias Lorenz, freier Mitarbeiter<\/strong><br \/>\nGrafikdesigner, Grafik und Webdesign<\/p>\n<p>&nbsp;<\/p>\n<p><strong>Roland Wallach, freier Mitarbeiter<\/strong><br \/>\nMediengestalter, Webdesign und Onlinemarketing[\/vc_column_text][\/vc_column][vc_column width=&#8220;1\/4&#8243;][vc_empty_space height=&#8220;20px&#8220; el_class=&#8220;elementdesk&#8220;][vc_column_text]<\/p>\n<h3>Kooperationspartner<\/h3>\n<p>&nbsp;<\/p>\n<p><strong>Michael Sonntag<\/strong><br \/>\nWerbetechnik<\/p>\n<p>&nbsp;<\/p>\n<p><strong>Ludger Staudinger<\/strong><br \/>\nFoto- und Videoproduktion[\/vc_column_text][\/vc_column][\/vc_row][vc_row row_type=&#8220;row&#8220; use_row_as_full_screen_section=&#8220;no&#8220; type=&#8220;full_width&#8220; text_align=&#8220;left&#8220; background_animation=&#8220;none&#8220; css_animation=&#8220;&#8220;][vc_column][vc_empty_space height=&#8220;40px&#8220;][\/vc_column][\/vc_row]<\/p>\n","protected":false},"excerpt":{"rendered":"<p>[vc_row row_type=&#8220;row&#8220; use_row_as_full_screen_section=&#8220;no&#8220; type=&#8220;full_width&#8220; text_align=&#8220;left&#8220; background_animation=&#8220;none&#8220; padding_top=&#8220;40&#8243; padding_bottom=&#8220;40&#8243; css_animation=&#8220;&#8220;][vc_column][vc_column_text] Agentur DaSuer Was k\u00f6nnen wir f\u00fcr Sie tun? [\/vc_column_text][vc_separator type=&#8220;normal&#8220; border_style=&#8220;&#8220; up=&#8220;15&#8243; down=&#8220;15&#8243;][vc_row_inner row_type=&#8220;row&#8220; type=&#8220;full_width&#8220; use_row_as_full_screen_section_slide=&#8220;no&#8220; text_align=&#8220;left&#8220; css_animation=&#8220;&#8220;][vc_column_inner width=&#8220;2\/3&#8243;][vc_column_text css=&#8220;.vc_custom_1665138987383{border-radius: 10px !important;}&#8220;] Unsere Agentur besteht bereits seit dem Jahre 1986. Nach einem Umzug aus Bergkamen sind&#8230;<\/p>\n","protected":false},"author":2,"featured_media":0,"parent":0,"menu_order":0,"comment_status":"open","ping_status":"open","template":"","meta":{"footnotes":""},"class_list":["post-6","page","type-page","status-publish","hentry"],"_links":{"self":[{"href":"https:\/\/www.werbeagentur-davinci.de\/dasuer\/wp-json\/wp\/v2\/pages\/6"}],"collection":[{"href":"https:\/\/www.werbeagentur-davinci.de\/dasuer\/wp-json\/wp\/v2\/pages"}],"about":[{"href":"https:\/\/www.werbeagentur-davinci.de\/dasuer\/wp-json\/wp\/v2\/types\/page"}],"author":[{"embeddable":true,"href":"https:\/\/www.werbeagentur-davinci.de\/dasuer\/wp-json\/wp\/v2\/users\/2"}],"replies":[{"embeddable":true,"href":"https:\/\/www.werbeagentur-davinci.de\/dasuer\/wp-json\/wp\/v2\/comments?post=6"}],"version-history":[{"count":102,"href":"https:\/\/www.werbeagentur-davinci.de\/dasuer\/wp-json\/wp\/v2\/pages\/6\/revisions"}],"predecessor-version":[{"id":22104,"href":"https:\/\/www.werbeagentur-davinci.de\/dasuer\/wp-json\/wp\/v2\/pages\/6\/revisions\/22104"}],"wp:attachment":[{"href":"https:\/\/www.werbeagentur-davinci.de\/dasuer\/wp-json\/wp\/v2\/media?parent=6"}],"curies":[{"name":"wp","href":"https:\/\/api.w.org\/{rel}","templated":true}]}}

Über uns

<p>[vc_row row_type=&#8220;row&#8220; use_row_as_full_screen_section=&#8220;no&#8220; type=&#8220;full_width&#8220; text_align=&#8220;left&#8220; background_animation=&#8220;none&#8220; padding_top=&#8220;40&#8243; padding_bottom=&#8220;40&#8243; css_animation=&#8220;&#8220;][vc_column][vc_column_text]</p>
<h2 style="text-align: center;">Agentur DaSuer<br />
Was können wir für Sie tun?</h2>
<p>[/vc_column_text][vc_separator type=&#8220;normal&#8220; border_style=&#8220;&#8220; up=&#8220;15&#8243; down=&#8220;15&#8243;][vc_row_inner row_type=&#8220;row&#8220; type=&#8220;full_width&#8220; use_row_as_full_screen_section_slide=&#8220;no&#8220; text_align=&#8220;left&#8220; css_animation=&#8220;&#8220;][vc_column_inner width=&#8220;2/3&#8243;][vc_column_text css=&#8220;.vc_custom_1665138987383{border-radius: 10px !important;}&#8220;]</p>
<p style="text-align: left;">Unsere Agentur besteht bereits seit dem Jahre 1986. Nach einem Umzug aus Bergkamen sind wir seit 2020 in Selm tätig. Hier werden wir als lokaler Ansprechpartner genauso geschätzt, wie weit über die Stadtgrenzen hinaus. Unser junges (und jung gebliebenes) Team sorgt immer für frische Ideen um Ihren Wünschen und Anforderungen gerecht zu werden. Als Ausbildungsbetrieb begleiten wir seit 15 Jahren junge, kreative Freidenker auf ihren erfolgreichen Wegen in die unternehmerische Gestaltungsbranche. Wir haben seither viel erlebt und sind gespannt, was die Zukunft bringt!</p>
<p>&nbsp;</p>
<p>Gerne werden wir vor neue Herausforderungen gestellt und versuchen diese im kreativen Prozess zu bewältigen.<br />
Wir freuen uns auf Ihre Ideen und Wünsche![/vc_column_text][/vc_column_inner][vc_column_inner width=&#8220;1/3&#8243;][vc_empty_space height=&#8220;20px&#8220; el_class=&#8220;elementdesk&#8220;][vc_single_image image=&#8220;21472&#8243; img_size=&#8220;large&#8220; alignment=&#8220;center&#8220; qode_css_animation=&#8220;&#8220;][/vc_column_inner][/vc_row_inner][/vc_column][/vc_row][vc_row row_type=&#8220;row&#8220; use_row_as_full_screen_section=&#8220;no&#8220; type=&#8220;full_width&#8220; text_align=&#8220;center&#8220; background_animation=&#8220;none&#8220; padding_top=&#8220;20&#8243; padding_bottom=&#8220;40&#8243; css_animation=&#8220;&#8220;][vc_column][vc_column_text]</p>
<h2 style="text-align: center;">Unser Team</h2>
<p>[/vc_column_text][vc_separator type=&#8220;normal&#8220; border_style=&#8220;&#8220; up=&#8220;15&#8243; down=&#8220;15&#8243;][/vc_column][/vc_row][vc_row row_type=&#8220;row&#8220; use_row_as_full_screen_section=&#8220;no&#8220; type=&#8220;full_width&#8220; text_align=&#8220;left&#8220; background_animation=&#8220;none&#8220; padding_bottom=&#8220;40&#8243; css_animation=&#8220;&#8220; el_class=&#8220;mitarbeiter&#8220;][vc_column width=&#8220;1/4&#8243;][vc_single_image image=&#8220;21470&#8243; img_size=&#8220;large&#8220; qode_css_animation=&#8220;&#8220;][vc_empty_space height=&#8220;20px&#8220; el_class=&#8220;elementdesk&#8220;][/vc_column][vc_column width=&#8220;1/4&#8243;][vc_column_text]</p>
<h3>Mitarbeiter</h3>
<p>&nbsp;</p>
<p><strong>Jürgen Suer</strong><br />
Geschäftsleitung</p>
<p>&nbsp;</p>
<p><strong>Solveig Schäfer</strong><br />
Buchhaltung</p>
<p>&nbsp;</p>
<p><strong>Jonah Suer</strong><br />
Grafik und Webdesign[/vc_column_text][/vc_column][vc_column width=&#8220;1/4&#8243;][vc_empty_space height=&#8220;42px&#8220; el_class=&#8220;element&#8220;][vc_empty_space height=&#8220;10px&#8220; el_class=&#8220;elementdesk&#8220;][vc_column_text]<strong>Laura Littmann, freie Mitarbeiterin</strong><br />
Stud. der Wirtschaftspsychologie,<br />
Grafik und Webdesign</p>
<p>&nbsp;</p>
<p><strong>Tobias Lorenz, freier Mitarbeiter</strong><br />
Grafikdesigner, Grafik und Webdesign</p>
<p>&nbsp;</p>
<p><strong>Roland Wallach, freier Mitarbeiter</strong><br />
Mediengestalter, Webdesign und Onlinemarketing[/vc_column_text][/vc_column][vc_column width=&#8220;1/4&#8243;][vc_empty_space height=&#8220;20px&#8220; el_class=&#8220;elementdesk&#8220;][vc_column_text]</p>
<h3>Kooperationspartner</h3>
<p>&nbsp;</p>
<p><strong>Michael Sonntag</strong><br />
Werbetechnik</p>
<p>&nbsp;</p>
<p><strong>Ludger Staudinger</strong><br />
Foto- und Videoproduktion[/vc_column_text][/vc_column][/vc_row][vc_row row_type=&#8220;row&#8220; use_row_as_full_screen_section=&#8220;no&#8220; type=&#8220;full_width&#8220; text_align=&#8220;left&#8220; background_animation=&#8220;none&#8220; css_animation=&#8220;&#8220;][vc_column][vc_empty_space height=&#8220;40px&#8220;][/vc_column][/vc_row]</p>

<p>[vc_row row_type=&#8220;row&#8220; use_row_as_full_screen_section=&#8220;no&#8220; type=&#8220;full_width&#8220; text_align=&#8220;left&#8220; background_animation=&#8220;none&#8220; padding_top=&#8220;40&#8243; padding_bottom=&#8220;40&#8243; css_animation=&#8220;&#8220;][vc_column][vc_column_text] Agentur DaSuer Was können wir für Sie tun? [/vc_column_text][vc_separator type=&#8220;normal&#8220; border_style=&#8220;&#8220; up=&#8220;15&#8243; down=&#8220;15&#8243;][vc_row_inner row_type=&#8220;row&#8220; type=&#8220;full_width&#8220; use_row_as_full_screen_section_slide=&#8220;no&#8220; text_align=&#8220;left&#8220; css_animation=&#8220;&#8220;][vc_column_inner width=&#8220;2/3&#8243;][vc_column_text css=&#8220;.vc_custom_1665138987383{border-radius: 10px !important;}&#8220;] Unsere Agentur besteht bereits seit dem Jahre 1986. Nach einem Umzug aus Bergkamen sind&#8230;</p>
